 of r(-13)?
2, 19, 47
Let n(u) = u**3 + 14*u**2 - 19*u - 44. What are the prime factors of n(-14)?
2, 3, 37
Let k(s) = 3*s + 2. Let y be k(-4). Let v = -7 - y. Suppose -2*z + 5*d - 2 = 3, -5*z + 35 = -v*d. List the prime factors of z.
2, 5
Let p = -5 + 1. Let g(f) = f**2 + 7*f + 10. Let n be g(-6). Let y = n - p. List the prime factors of y.
2
What are the prime factors of (-1 - 1487)*(-3)/6?
2, 3, 31
Let j be (-36)/((-2)/(-4) + -2). Let v = 76 - j. What are the prime factors of v?
2, 13
Let w = 1803 - 756. What are the prime factors of w?
3, 349
List the prime factors of (-585)/65 - (0 + -731).
2, 19
Suppose 3*q - 2*j - 1761 = 0, 0 = 3*j + 10 - 1. What are the prime factors of q?
3, 5, 13
Suppose -3*l = -j + 13, 0*l - l = j - 1. Suppose -j*u = 12*u - 2448. List the prime factors of u.
3, 17
What are the prime factors of (1 - -1 - 5984)*(-5)/30?
997
Let j be (-10)/40 + 1/4. Suppose j = -b + 7*b - 612. List the prime factors of b.
2, 3, 17
Suppose 0 = -80*c + 85166 + 103714. What are the prime factors of c?
3, 787
Let y(a) = 14*a**2 - 6*a - 20. Let t(l) = 5*l**2 - 2*l - 7. Let k(p) = -8*t(p) + 3*y(p). What are the prime factors of k(-5)?
2, 7
Let h be 1/7 + -2 + 724/28. Let t be -1 - (2 + (-17 - -1)). Let z = h - t. What are the prime factors of z?
11
Suppose 59 = -5*p + 19. Let k = p - -56. What are the prime factors of k?
2, 3
Let n(d) = 104*d - 200. List the prime factors of n(49).
2, 3, 17
Suppose -f - 4*f + 3*k = 25, -3*f = -3*k + 15. Let g(d) = d**3 + 7*d**2 - 11. List the prime factors of g(f).
3, 13
Let z(h) = 13*h + 53. Let b be z(13). Suppose 220*j + 612 = b*j. List the prime factors of j.
2, 3, 17
What are the prime factors of 13/(-39)*-2*3183?
2, 1061
Let q = -9 + 15. Let d(n) = -4*n + 0 + q*n - 6 + 2. List the prime factors of d(13).
2, 11
Let x = 10 - 6. Suppose 7*a = x*a. Suppose a = u - 5*n - 34, -95 + 23 = -4*u + 4*n. List the prime factors of u.
2, 7
Let p(t) = t**2 - 2*t + 11. Let i be p(0). Let f = 16 - i. Let k = 6 + f. List the prime factors of k.
11
Let d = 1790 + -807. What are the prime factors of d?
983
Let a be (1/(6/855))/(5/10). Suppose -q - 5*d + a = 0, -3*q + 6*q + d = 897. List the prime factors of q.
2, 3, 5
Let v = 80 - 82. What are the prime factors of v - (-149 - ((-2)/2)/1)?
2, 73
Suppose -4*s = -49 - 79. Suppose 2*w + s = -2*w. List the prime factors of (w/2)/(-2 - -1).
2
Let y = 25 + -19. Let q(c) = -c**2 + 2*c - 9. Let l be q(y). List the prime factors of (-2200)/l + 2/(-3).
2, 3, 11
Suppose -60 = 4*q - 4*p, p - 15 = q + 5*p. Let v = 137 - 147. What are the prime factors of q/3*72/v?
2, 3
Let h be -97*(-4)/(-8)*2. Let s = h - -153. What are the prime factors of s?
2, 7
Let k(j) = -j**3 + 5*j**2 + 7*j. Suppose 2*x - 16 = -4. Let a be k(x). Let d = 21 - a. List the prime factors of d.
3, 5
Let r(x) = -x + 28. Suppose 37 = b + 19. What are the prime factors of r(b)?
2, 5
Let h(q) = 0*q**2 - q + 12*q + q**3 - 4*q + 7*q**2 + 6. Suppose f + f - 3*v + 7 = 0, -f + 4*v - 1 = 0. What are the prime factors of h(f)?
3, 7
Let j(y) = y**2 - 2*y - 16. Let v(h) = -h**2 + 10*h - 5. Let p be v(8). What are the prime factors of j(p)?
83
Suppose 3980 = 5*g + 3*y - 3003, 4*g - 5586 = -2*y. List the prime factors of g.
2, 349
Suppose -d - 2*d + 6 = 0. Suppose 0 = -d*b - 4 - 0. List the prime factors of ((-39)/b)/3*4.
2, 13
Let j(c) = 36*c + 805. What are the prime factors of j(65)?
5, 17, 37
Suppose -20 = 4*v - 6*v. Let s(b) = -b**2 + 12*b - 2. Let g be s(v). Let x = g + -1. What are the prime factors of x?
17
Suppose -11*k + 7*k = -192. List the prime factors of ((-16)/k)/((-1)/165).
5, 11
Let q = -2 - -6. Suppose -4*s - 4 = y - 2*s, 8 = -q*s. Let j = y - -19. What are the prime factors of j?
19
Let s(w) = w**3 + 6*w**2 + 6*w + 4. Let y be s(-4). Suppose 0 = -8*t + 11*t - y. Suppose 3*k + 8 = t*k. What are the prime factors of k?
2
Let s(k) = 15*k**3 + k + 3. Suppose 0 = -b + 4*g - 0*g + 6, -3*b = -2*g - 8. What are the prime factors of s(b)?
5
Let g be 4*(-4)/40*-5. Suppose 4*u - 102 + g = 0. What are the prime factors of u?
5
Let w = -366 - -865. List the prime factors of w.
499
Suppose -2*u - 4 = -4*l, -3*l - l = -4*u. Suppose -u*v + 149 = -29. List the prime factors of v.
89
Suppose m - i + 207 = -0*i, -4*i = -5*m - 1038. Let z(a) = -a**3 + 10*a**2 - 10*a + 11. Let o be z(9). List the prime factors of m/28*(-4)/o.
3, 5
Let r = -80 - -445. List the prime factors of r.
5, 73
List the prime factors of (-3)/2 - 42175/(-50).
2, 421
List the prime factors of -2*(-4 + 3) - -108.
2, 5, 11
List the prime factors of (1 - (-122)/1)/(33/55).
5, 41
Suppose 6*l - 3*l = 9. Let q = 0 - -1. List the prime factors of (1*(8 + l))/q.
11
Suppose -23*y + 5854 = 1507. List the prime factors of y.
3, 7
Suppose 108 = 4*r - 2*r. Suppose -z = -g - 51, -4*g + r = 5*z - 165. What are the prime factors of z?
47
Let w = -41 + 13. Let z = w - -17. Let l(y) = -2*y + 11. List the prime factors of l(z).
3, 11
Suppose -1 = 2*b + a, -b + 3*a + 2 - 6 = 0. Let s = 5 + b. Suppose 0 = -2*w + p + s + 12, 3*p = -w - 6. List the prime factors of w.
2, 3
Suppose -6*v + 313 + 3959 = 0. What are the prime factors of v?
2, 89
Suppose 3*o + 2*r = 0, -7*r = -3*o - 2*r. Suppose 0*k + 2*y = k - 67, o = 5*k - y - 308. What are the prime factors of k?
61
Let z be 1 - (-4)/(-2) - -1. Let n(p) = 2 - 9*p - 2*p**2 + 3*p**2 + z + 7*p. What are the prime factors of n(5)?
17
Let p(y) = 10*y - 23. Let q be ((-25)/7 + 1)/((-33)/154). What are the prime factors of p(q)?
97
Suppose 5*x - 144 = -p, -7*x + 2*p = -2*x - 132. Suppose -5*q + 38 = x. List the prime factors of q.
2
Suppose 325 = -2*y + 3*f, 0 = -2*y - 2*f - 263 - 87. Let g = -45 - y. Suppose j - 3*n + 4*n - 45 = 0, -3*j = n - g. List the prime factors of j.
2, 5
Let q = 6139 - 2108. List the prime factors of q.
29, 139
Let y(p) = p**3 + 9*p**2 + 18. Let m be y(-9). Suppose m*c - 1485 = 9*c. What are the prime factors of c?
3, 5, 11
Let n be (-2)/(-4)*6 + 48. Let l = 4 + n. Suppose 4*o - l = 101. List the prime factors of o.
3, 13
Suppose -2*a + 9201 = 21*u - 20*u, 3*u = -3. What are the prime factors of a?
43, 107
Suppose 0 = -5*h + 254 + 411. Suppose 3*t = -c - c + h, -5*c = 4*t - 329. What are the prime factors of c?
5, 13
Let y = 3724 + -2630. List the prime factors of y.
2, 547
Let g be (8 + -311)*(2 - 6/2). Suppose -5*b = -2*b - g. What are the prime factors of b?
101
Suppose -16*h + 12*h + 32 = 0. List the prime factors of -7*76/h*-2.
7, 19
List the prime factors of ((-24)/(-4))/(2*(-5)/(-1295)).
3, 7, 37
Let w be 4 + (2/(-6))/(3/(-36)). Suppose 2*f - h = 37, f = 3*h - 2*h + 19. Let b = f - w. List the prime factors of b.
2, 5
Suppose 0 = -6*h - 24*h + 45060. List the prime factors of h.
2, 751
Suppose 0 = 10*z - 869 - 8661. What are the prime factors of z?
953
Let w(v) = -2*v**3 - 3*v**2 - 3*v. Let s be w(-2). Suppose 0 = -p + 9 + s. List the prime factors of (p + 3)*(-1)/(-2).
11
Let v(i) = 2688*i**2 + 3*i - 3. What are the prime factors of v(-1)?
2, 3, 149
Let g(l) = l + 12. Let m be g(-7). Suppose -2*c + z + 2*z + 89 = 0, -216 = -m*c + z. List the prime factors of c.
43
Suppose 4*a + 2*d = -2, -6*d + 2*d + 23 = -a. What are the prime factors of (a/(-2) - 2)*-222?
3, 37
Suppose -5*a - 5*h + 15 = 0, -4*a + 4*h = -h - 3. Suppose -174 = 4*w - o + 74, 3*w + 175 = -a*o. Let z = 101 + w. What are the prime factors of z?
2, 5
Suppose -4*j + 16 = 56. What are the prime factors of ((-15)/j)/(-3)*-158?
79
Suppose 9*c = 3*v + 14*c - 2033, -5*v + 3399 = 3*c. What are the prime factors of v?
3, 227
Let z(h) = -3*h - 10. Let u be z(-7). Let m(j) = -24 + j**3 - 27 + 40 + 2*j - 11*j**2. What are the prime factors of m(u)?
11
Suppose 4*i - 103416 = -20*i. What are the prime factors of i?
31, 139
Let n be ((-3)/(-5))/(5/25). Suppose -2*v + n = -3. Suppose -u + 60 = -3*o, 5*u - v*o = 228 + 48. What are the prime factors of u?
2, 3
List the prime factors of 8*63 - (1 + -5).
2, 127
Let y = -882 + 1299. List the prime factors of y.
3, 139
Let s = 0 + 0. Let f be ((-4)/(-20))/(2/70). Let q = f + s. List the prime factors of q.
7
Let o(w) = 75*w**3 + 2*w**2 - 3*w + 1. List the prime factors of o(1).
3, 5
Let d(w) = 4*w**3 - 4*w**2 - 26*w + 5. What are the prime factors of d(7)?
3, 37
What are the prime factors of 28/(13 + -6) - -150?
2